?
4
Let l = 15 - 9. Suppose -16527 = -78*y + 20913. Suppose y = 6*m - l. What is the tens digit of m?
8
Suppose -21*q - 18010 = -57133. What is the tens digit of q?
6
Suppose -8*t = -13*t + 20. Let a(w) = -w**2 + 2*w + 5. Let n be a(t). What is the hundreds digit of (-36)/(n/(-48)*-3)?
1
Suppose 0 = -o - 4*z - 103 + 390, -4*z + 1387 = 5*o. What is the units digit of (-24)/36*(1 + -7) + o?
9
Suppose 4*i - 142 = 4*l + 362, -4*i + 500 = -3*l. Suppose 3*b - 277 - 254 = -3*t, 4*t + 4 = 0. Let g = b - i. What is the tens digit of g?
5
Let z = 20469 - 11968. What is the hundreds digit of z?
5
Let a be -6 + 4 + 728 - 0. Suppose d + 2167 = 3*q, q - 8*d = -4*d + a. What is the hundreds digit of q?
7
Let l(h) = 13*h**2 - 10*h - 9. What is the ten thousands digit of l(-54)?
3
Let v(m) = 5*m - 9. Let k(j) = 3*j**3 + 5*j**2 + 4*j + 6. Let p be k(-3). Let q = -32 - p. What is the tens digit of v(q)?
4
Let x be 2/(-7) - (194652/(-28))/3. Let f = 3869 - x. What is the units digit of (-1)/9*2 - f/(-18)?
6
Let v = 8424 - -11223. What is the hundreds digit of v?
6
Let l(d) = d**3 - 10*d**2 + 10*d - 6. Let u be (-14)/(-21)*(-81)/(-6). Let o be l(u). Suppose -2*j - o*j + 220 = 0. What is the tens digit of j?
4
Let b be (-2)/3 - (-455)/39. Let s be 2/b - 424/(-88). Suppose -2*f - 2*p + 50 = -6*p, s*f - 137 = -2*p. What is the units digit of f?
7
Suppose -z - 5 = 0, 2*a + a - 2*z = 13. Let f(o) = 508*o + 8. What is the tens digit of f(a)?
1
What is the units digit of (-15)/(-6) - (-331786)/28?
2
Let v = 1010 + 10399. What is the thousands digit of v?
1
Let c(f) = -18*f - 97. Let z(t) = -17*t - 99. Let n(r) = 3*c(r) - 2*z(r). What is the units digit of n(-8)?
7
Suppose 11702 + 7229 = 11*i. What is the tens digit of i?
2
Let n = 66577 - 41697. What is the units digit of n?
0
Suppose 5*n = -5*a - 12950, 2*a + 3*n - 5170 = 4*a. Let s = a + 3967. What is the tens digit of s?
7
Let y(z) be the first derivative of 3*z**3 + 11*z**2/2 + 14*z - 79. What is the hundreds digit of y(-8)?
5
Let r(y) = -8*y - 2. Let s be r(-1). Suppose -12 = -s*l - 0. What is the units digit of (-118)/(l - (-20)/(-5))?
9
Suppose -s + 2*k = -125, 0*k + 5*k = -5*s + 700. What is the units digit of (-10)/(-4)*(s + -1)?
5
Suppose 56*q = -5*q + 1281. Let p = 112 - 62. What is the units digit of p/3 + (-14)/q?
6
Suppose 3*v - 30 = -v - 5*h, -5*v = h - 48. Suppose -5*j = -v, 0 = -2*l - 25*j + 30*j + 1424. What is the tens digit of l?
1
Suppose -3*k + 13*v - 11*v = -14, 5*k - v = 21. Let m(l) = 13*l**2 - 22*l + 90. What is the tens digit of m(k)?
1
Let y(z) = z**3 - 3*z**2 + 4*z. Let d be y(-4). Let i = 217 - d. Suppose 5*g = -2*l + 459 + i, -4*g - 5*l = -650. What is the hundreds digit of g?
1
Let y(p) = 23*p + 47. Let s be (-116)/(-986) - 506/(-34). What is the tens digit of y(s)?
9
Let g be (12/(-8))/(9/(-30)). Suppose -g*x = 3*y - 5*y + 619, y = 3*x + 312. Let l = y + -136. What is the tens digit of l?
6
Let c = -4333 - -13899. What is the tens digit of c?
6
Let u(j) = -2*j**2 - 7*j. Suppose 5*s = -2*s - 28. Let z be u(s). Let b(d) = 4*d**2 - d + 9. What is the units digit of b(z)?
7
Suppose 3*u + 2*u - 20 = 0. Suppose -u*s - 161 = -609. Let n = s - 23. What is the tens digit of n?
8
Let w(f) be the third derivative of 7*f**5/15 + 7*f**4/24 - 13*f**3/6 + 35*f**2. What is the hundreds digit of w(3)?
2
Let f(x) = x**2 - 4*x - 1. Let l(w) = -4*w**3 + 15*w**2 - 3*w - 8. Let b(a) = 5*f(a) - l(a). What is the units digit of b(7)?
6
Let t = 73492 + -42922. What is the ten thousands digit of t?
3
Suppose -2*y + 153402 = 36*r - 31*r, 0 = -4*r + 3*y + 122717. What is the hundreds digit of r?
6
Let w(u) be the first derivative of u**5/30 - 5*u**4/24 - 5*u**3/6 + 13*u**2/2 - 14. Let l(y) be the second derivative of w(y). What is the tens digit of l(-6)?
9
Let k(a) = a**3 + a + 184. Let s be k(0). Let d = 245 + -240. Suppose 0 = 3*y + d*y - s. What is the tens digit of y?
2
Let f be (3 - 120/9)/(1/(-12)). Suppose 120*s = f*s - 1436. What is the units digit of s?
9
Let i(d) = -d**2 + 18*d + 30. Let f(m) = m**2 - 19*m - 31. Let h(v) = 6*f(v) + 7*i(v). Let w be h(12). Suppose p - 70 = w. What is the units digit of p?
4
Let g(x) = -25*x**2 + x - 19 + 19 + 22 + 10 - x**3 - 3*x. What is the hundreds digit of g(-26)?
7
Suppose 14*c + 28536 = 20*c. Suppose -3*j + 7*j - c = 0. What is the units digit of j?
9
Suppose -3*q + 1411 = 2*l, 4*l + 3*q = 421 + 2416. What is the hundreds digit of l?
7
Suppose -36*h - f + 397 = -34*h, h = -5*f + 221. Let d(o) = -4*o + 2. Let p be d(-4). Suppose 0 = -w + 2*r + 166, w + 2*r = -p + h. What is the tens digit of w?
7
Let k = 49 - -65. What is the thousands digit of (-3)/(9/(-3677)) + 38/k?
1
Let j(d) = 2*d**3 - 45*d**2 + 100*d - 1861. What is the units digit of j(38)?
3
Let n be ((-33)/(-132))/(3/132). Suppose 10*g = n*g - 1098. What is the thousands digit of g?
1
Suppose -328*c + 134*c = -941870. What is the thousands digit of c?
4
Let b(u) = -u**3 - 16*u**2 + 2*u - 40. Let s(w) = -w + 2. Let x(j) = -b(j) - 6*s(j). What is the units digit of x(-8)?
8
Let h(f) = -f**2 - 13*f - 7. Let z be h(-9). Suppose 0 = -30*r + z*r + 3. Suppose r*q + 4*i - 91 = 0, q = 2*i + i + 13. What is the tens digit of q?
2
Suppose 0*w + 11*w - 75040 = 3*w. What is the thousands digit of w?
9
Let u be (-20)/3 - 4/(-6). Let m(k) = -5*k**2 - 3*k - 62. Let f(q) = -q**2 - q - 12. Let s(r) = -22*f(r) + 4*m(r). What is the tens digit of s(u)?
2
Suppose 22*q = 35*q - 39. Suppose 0 = -q*x - 5*h + 2337, -76 - 1482 = -2*x + h. What is the hundreds digit of x?
7
Let f be 29/((-12)/36*3/2). What is the hundreds digit of (-330)/11*f/5?
3
Let i = -140 - -350. Suppose 596 = 2*j - i. Let o = -259 + j. What is the hundreds digit of o?
1
Suppose -485 + 501 = 4*b. Suppose -2*z = -b*m + 1226, -8 = 4*z + 12. What is the hundreds digit of m?
3
Suppose 0 = 121*d - 116*d - o, -2*d = -4*o. Suppose -14*v + 5*v + 81 = d. What is the units digit of v?
9
Let o = 263 + 1165. What is the thousands digit of o?
1
Suppose 12*d = 7*d + 45. Let i(a) = -a**3 + 10*a**2 + 8*a + 12. What is the tens digit of i(d)?
6
Let q(k) = 12*k**3 - 28*k**2 + 10*k - 27. What is the units digit of q(5)?
3
Let j(y) = 2*y**3 - 56*y**2 + 65*y - 49. What is the thousands digit of j(28)?
1
What is the thousands digit of (11272/(-6))/((-204)/306)?
2
Suppose 5*l + 2*b = l + 16, 0 = l + 3*b - 9. Suppose -6*i = 2*w - 7*i + 125, 5*w = -l*i - 296. Let s = 1 - w. What is the tens digit of s?
6
Let p(x) = -130*x**3 + 167*x**2 - 26*x - 6. What is the hundreds digit of p(-7)?
9
Suppose -98*l + 266224 = -70*l. What is the units digit of l?
8
Let u(d) = -d**3 - 18*d**2 + 28*d + 4. Let b be u(-21). Suppose o = -2*r + b, 5*o + 757 = r + r. What is the tens digit of r?
7
Let s = 74 - 76. Let p be s*2/4*5. What is the hundreds digit of (p - 51/(-9))*360?
2
Let g = -349 + 258. Let c = g - -483. What is the tens digit of c?
9
Suppose 3*c = 3*f + 366, -c + 240 = c - 4*f. Let p = -356 + 357. What is the units digit of (c - (-4)/1) + p?
9
Let d be 9 - (0 - (0 + -7)). Suppose 381 = i + 3*l, -d*l = 2*i + 2*i - 1484. What is the units digit of i?
9
Let y = -184 - -168. Let t = 339 + y. What is the hundreds digit of t?
3
Let c(a) = 2*a**2 + 9*a. Let v(l) = l**2 + l - 1. Let s(m) = m**3 + m**2 - m - 2. Let z(t) = -s(t) + 2*v(t). Let f be z(3). What is the tens digit of c(f)?
8
Suppose 0 = -160*j + 166*j - 168. Let s(g) = 29*g + 196. What is the units digit of s(j)?
8
Suppose -3*k - 1134 = -21*k. What is the hundreds digit of 21/k + 1904/3?
6
Let f(l) = -2777*l + 220. What is the tens digit of f(-6)?
8
Let f(d) = -30*d + 680. Let x(g) = -g**2 + 27*g + 28. Let o be x(28). What is the units digit of f(o)?
0
What is the hundreds digit of (344/(-10))/((-22)/6545 - 0)?
2
Suppose 33*o - 48*o = -45690. What is the units digit of o?
6
Let s(h) = h**2 - 3*h - 2. Let f be s(-1). What is the hundreds digit of (f - -1)*1/((-12)/(-412))?
1
Let l = 1430 + -2055. Let a = -138 - l. What is the tens digit of a?
8
Suppose -12*l + 54 = -3*l. What is the tens digit of -4*((-5035)/114 + (-2)/l)?
7
Let n be (-2 + -4)/((-1)/(-48)) + 1. What is the units digit of (-6 + n/1)*-1?
3
Suppose o - m = -1, 5*m - 1 = 9. What is the tens digit of (1259775/(-36))/(-25) - o/(-4)?
0
What is the hundreds digit of (-1 - 1454*3/1)